ndreds digit of 2/(-14) - 17225/(-35)?
4
Suppose 301*w = 324*w - 130157. What is the units digit of w?
9
Suppose s + 5875 = 5*u - s, -2*s = u - 1187. What is the tens digit of u?
7
Let t be ((-24)/(-15))/(-2) - 19/(-5). Let q(h) = 8*h - 4. Let z be q(6). Suppose 0 = t*x - x - z. What is the units digit of x?
2
Suppose -u = -2*v - 4, 0*u = -3*u - v + 26. Let h = 17 - u. What is the tens digit of h - (3 - (0 + 5))?
1
Suppose 48 = -3*z + v, 2 = -3*z + 3*v - 40. Let k = z - -22. Suppose 3*s - 81 = -3*b + 6*s, -99 = -4*b - k*s. What is the tens digit of b?
2
Let v = -117 + 177. What is the units digit of v?
0
Suppose -3*q + 2585 = -q - 3*r, 1288 = q - 3*r. What is the units digit of q?
7
Let t = -1402 + 3154. What is the hundreds digit of t?
7
Let o be 273/9 + (-30)/9 + 3. Suppose -3*b + 8*t + 5 = 3*t, 0 = -4*b + 2*t + o. What is the units digit of b?
0
Let q(m) = -m + 14. Let r be q(14). Suppose 0 = -k - s + 142, r*s = -k + 3*s + 122. Suppose -5*i = -13 - k. What is the tens digit of i?
3
Let b be 1*(-18)/(-1)*3/9. What is the tens digit of (-1)/(b/(-2364)*2)?
9
Let q(d) = 20*d**2 - 14*d - 36. What is the hundreds digit of q(-4)?
3
Let p = 8 - 17. Let x be (-60)/18*p/6. Suppose -t + 4 = 3*t, -4*t = -x*y + 201. What is the tens digit of y?
4
Suppose 5*t - 37 = 5*h + 8, -5*h - 37 = -3*t. Let o(j) = 8 - 11*j - 3 + 22*j - t. What is the units digit of o(1)?
2
What is the units digit of 12/2 - 2 - 2 - -2326?
8
Let c(p) = 38*p**3 - p. Let g be c(-1). Let h = g + 62. Let o = h - -11. What is the tens digit of o?
3
Let k be ((-280)/25)/(2/(-10)). Suppose -j + 3 = -0. Suppose r - k = -j*r. What is the units digit of r?
4
Suppose 0 = 2*h - 4*q + 6*q - 8, 0 = -q. Suppose 0 = 2*m - 5*n - 76 + h, 4*m = -n + 166. What is the tens digit of m?
4
Suppose -17*t = -37*t + 14260. What is the hundreds digit of t?
7
Suppose 17 = 4*d + 5*w - 4*w, -3*d - 6 = -3*w. Suppose -2*c + d*x + 190 = -2*x, -2*x = -c + 93. What is the units digit of c?
5
Let r = -359 + 517. What is the tens digit of r?
5
Let z(c) = 12 + c - 15 + 2. Let h(m) = 2*m - 7. Let u(r) = -h(r) + 3*z(r). What is the units digit of u(4)?
8
Suppose 15*i - 17*i + x = -2282, 3*x = 0. What is the thousands digit of i?
1
Suppose 0 = -11*v - 300 - 63. Let k = v - -149. What is the hundreds digit of k?
1
Let w = -23 + 25. Let d be 16/3 - 1/3. Suppose -32 + w = -d*y. What is the units digit of y?
6
Let w(a) = -3*a - 9. Let n be w(-3). Suppose n = -3*y + 11*y - 1472. What is the tens digit of y?
8
Suppose -5*v + 3*v = j - 42, 4*j = 4*v - 108. Suppose v - 373 = -2*n. What is the tens digit of n?
7
Let a(v) = -v**3 + 1. Let t be a(2). Let q(s) = s**2 + 8*s + 11. What is the units digit of q(t)?
4
Let s be 4*(-2 - 0)/(-4). Let t = s - -5. Let k = t + 4. What is the units digit of k?
1
What is the tens digit of ((-404)/10)/(1*(-2)/55)?
1
Suppose -7*h + v = -5*h - 489, 5*h - 1216 = -4*v. Let u = 379 - h. What is the tens digit of u?
3
Let u = -76 + 75. What is the units digit of 1 - -116 - u - (29 + -28)?
7
Suppose 0 = -2*r + r + 5*l - 1, -r = 3*l + 1. Let b = 52 - r. What is the tens digit of b?
5
Let c = -59 + -154. Let q = c - -406. What is the tens digit of q?
9
Suppose 4*x = -5*t + 6743, -5*t - 2*x = x - 6741. What is the thousands digit of t?
1
Let b(t) = 77*t**2 - 10*t + 12. What is the units digit of b(4)?
4
Let o(q) = -q**3 - 2*q**2 + 6*q + 8. Let i be o(-7). Suppose 0 = 5*n + 3*r - i, 2*n - 7*n + 2*r + 226 = 0. What is the tens digit of n?
4
Suppose 22*z - 38*z = -5920. What is the hundreds digit of z?
3
Let z be -82 - 0 - (3 + 1). Let h = -47 - z. What is the units digit of h?
9
What is the thousands digit of (-29011)/(-8) - (-252)/(-672)?
3
Let o(l) = -5*l + 25. Let f(g) = -2*g + 13. Let h(x) = 13*f(x) - 6*o(x). What is the tens digit of h(13)?
7
Let x(m) = -m**3 - 10*m**2 - m - 12. Let i be x(-10). What is the tens digit of i + (-11)/(-6) + (-9685)/(-78)?
2
Let n(y) = 539*y + 35. What is the hundreds digit of n(6)?
2
Let i(k) = 1970*k**2 - 30*k + 31. What is the tens digit of i(1)?
7
Let q = 117 + -121. Let v = 36 + q. What is the units digit of v?
2
Suppose -o = -14*o + 65. Let c(m) = m**3 + 4*m**2 - 10*m - 4. What is the units digit of c(o)?
1
Let b = -12 - -14. Let m(t) = -3 - 5*t - 17*t - t**b + 2*t + 4*t. What is the tens digit of m(-15)?
1
Let o = 253 - -830. What is the hundreds digit of o?
0
Let n = -76 + 267. Let c(b) = -b**3 - 5*b**2 - 5*b - 1. Let z be c(-4). Suppose -z*p - d = -n, 4 = -p - 3*d + 57. What is the tens digit of p?
6
Let n(d) = -17*d + 172. What is the units digit of n(-21)?
9
Suppose -3*f = 3*h - 6, 2*h + 3*f = 7*h - 18. Let j = -1 + h. Suppose -4*l - 2*n = -2, -3*n = j*l + 4 + 5. What is the units digit of l?
3
Let o(u) = u + 13. Let x be o(-10). Let i be (0 - (3 - x))*-1. Suppose 2*g = -1 + 11, -5*w + g + 55 = i. What is the units digit of w?
2
Let f = 11 + -6. Let w = -9 - f. What is the tens digit of 7/w + 62/4?
1
Let a(w) = -8*w**3 - 8*w**2 - 4*w - 2. What is the thousands digit of a(-6)?
1
Let v be (2 - 0) + -56 + -3. Let b = v - -97. What is the units digit of b?
0
What is the tens digit of (-3)/(-5) + 3176/40?
8
Suppose -22*b + 23*b = 7. Suppose -64 = 5*h - b*h. What is the units digit of h?
2
Let i(p) = 2*p - 12. Suppose 0 = -2*t + 5*j - 14 - 1, 0 = 3*j - 9. Suppose -3*c + a + 30 = t, 3*a = -3*c + 4*c - 18. What is the units digit of i(c)?
6
Suppose u = -t + 13, -t - 9 = -u - 32. Let k be (232/(-6))/(6/t). What is the units digit of (-14)/(-35) - k/10?
2
Let n(o) = o**3 + 21*o**2 + 7*o - 22. What is the thousands digit of n(-17)?
1
Let d = 44 - 33. Let q(y) = 20*y**3 - y**2 + y + 44 - d*y**3 - 10*y**3 + 2*y**2. What is the tens digit of q(0)?
4
Let u(d) = -13*d**2 + 11*d - 1. Let v be u(-6). What is the hundreds digit of v/(-3) + (2/3)/(-2)?
1
Suppose 154 + 202 = -4*o. Let f = 136 + o. What is the units digit of f?
7
Let l(b) = 4*b + 65. Let q(u) = 12*u + 195. Let a(k) = -8*l(k) + 3*q(k). What is the units digit of a(26)?
9
Let p = -8 - -14. Let i = -4 + p. Let b = i + 11. What is the units digit of b?
3
Let w(m) = -m - 1. Suppose 0 = -d + 5*t - t + 11, -2*d + 4 = -2*t. Let h(j) = 7*j - 1. Let z be h(d). What is the units digit of w(z)?
7
Suppose -2*v + 29 = 5*h, 2*v - 5*h = -2 + 1. Let r = 80 + -81. What is the tens digit of 7/v*(r + 13)?
1
Suppose -2*r + 1 = -4*k + 7, -22 = -3*k - 2*r. Suppose k*d - 3 = -31. What is the units digit of (-61)/d + 10/35?
9
Suppose 0 = 4*a, 2*r - 58 - 1366 = -a. What is the hundreds digit of r?
7
What is the units digit of 488*(9/12 - (-2 + 1))?
4
Suppose 3 + 4 = c - m, 15 = -3*m. What is the hundreds digit of (c/(-5))/(-5*6/8700)?
1
Let w be 116/20 - (-4)/(-5). Let b be 3 + (-4 - (w + -4)). What is the units digit of -3 - (-1 + b*14)?
6
Let p(m) = m + 6. Let o be p(-4). Suppose -2*h + 34 = o*z - 0*h, 4*h - 20 = -z. Let l = -7 + z. What is the units digit of l?
9
Suppose 26*w - 12*w = 6524. What is the units digit of w?
6
Suppose 3772 = d - 2*x, -296*d + 293*d - 4*x = -11266. What is the units digit of d?
2
Let p(g) = g**3 + 19*g**2 + 23*g + 2. Let l be p(-18). Let m = -78 - l. What is the tens digit of m?
1
What is the thousands digit of (-1)/((-5)/23800) + -6?
4
Suppose -5*o + 61 = -14. Suppose -o = 2*c - 95. Let u = -21 + c. What is the units digit of u?
9
Suppose 0 = 3*h - 557 - 4183. What is the tens digit of h?
8
Suppose 6*g - 253 - 335 = 0. Suppose -9*f = -7*f - g. What is the units digit of f?
9
Let s(v) = -18*v**3 - 7*v**2 - 11*v + 16. What is the thousands digit of s(-5)?
2
Suppose 379*h + 3010 = 386*h. What is the units digit of h?
0
Let p be (2/(-4))/(9/6 - 2). What is the hundreds digit of -1*p/(-2 - (-663)/333)?
1
Let l(z) be the third derivative of z**6/120 + z**5/5 + z**3/3 + 15*z**2. Let x = 8 - 20. What is the units digit of l(x)?
2
What is the hundreds digit of 94/423 + (-7250)/(-18)?
4
Suppose -235 - 605 = -6*x. What is the units digit of x?
0
Let a be 2*4*52/16. Suppose -5*n - 5*j = -230, -n + 0*n + a = -4*j. What is the units digit of n?
2
Let a(k) = -k**3 + 10*k**2 + 2. Let f be a(10). Suppose -51 - 61 = -4*y - o, -4*y = -f*o - 124. What is the tens digit of y?
2
Suppose -x - 2*h = x - 120, x - 57 = 2*h. Let q = x - 24. Suppose 0 = 5*s - q - 15. What is the tens digit of s?
1
Let z be (1 + 3)/(-2)*-1. Suppose -3*y - 